{"id":353,"date":"2023-09-18T17:01:38","date_gmt":"2023-09-18T17:01:38","guid":{"rendered":"https:\/\/www.ah-analyst.fi\/?page_id=353"},"modified":"2024-02-08T08:27:44","modified_gmt":"2024-02-08T08:27:44","slug":"ah-analyst-tilitoimisto","status":"publish","type":"page","link":"https:\/\/www.ah-analyst.fi\/index.php\/ah-analyst-tilitoimisto\/","title":{"rendered":"AH Analyst"},"content":{"rendered":"\t\t<div data-elementor-type=\"wp-page\" data-elementor-id=\"353\" class=\"elementor elementor-353\" data-elementor-settings=\"{&quot;ha_cmc_init_switcher&quot;:&quot;no&quot;}\">\n\t\t\t\t\t\t<section class=\"elementor-section elementor-top-section elementor-element elementor-element-b2bbf4e elementor-section-boxed elementor-section-height-default elementor-section-height-default\" data-id=\"b2bbf4e\" data-element_type=\"section\" data-e-type=\"section\" data-settings=\"{&quot;background_background&quot;:&quot;classic&quot;,&quot;_ha_eqh_enable&quot;:false}\">\n\t\t\t\t\t\t<div class=\"elementor-container elementor-column-gap-default\">\n\t\t\t\t\t<div class=\"elementor-column elementor-col-100 elementor-top-column elementor-element elementor-element-fef3638\" data-id=\"fef3638\" data-element_type=\"column\" data-e-type=\"column\" data-settings=\"{&quot;background_background&quot;:&quot;classic&quot;}\">\n\t\t\t<div class=\"elementor-widget-wrap elementor-element-populated\">\n\t\t\t\t\t\t<div class=\"elementor-element elementor-element-bdf892c elementor-widget elementor-widget-image\" data-id=\"bdf892c\" data-element_type=\"widget\" data-e-type=\"widget\" data-widget_type=\"image.default\">\n\t\t\t\t<div class=\"elementor-widget-container\">\n\t\t\t\t\t\t\t\t\t\t\t\t\t\t\t<img fetchpriority=\"high\" decoding=\"async\" width=\"1980\" height=\"400\" src=\"https:\/\/www.ah-analyst.fi\/wp-content\/uploads\/2023\/09\/Lehtipalkki.jpg\" class=\"attachment-full size-full wp-image-798\" alt=\"\" srcset=\"https:\/\/www.ah-analyst.fi\/wp-content\/uploads\/2023\/09\/Lehtipalkki.jpg 1980w, https:\/\/www.ah-analyst.fi\/wp-content\/uploads\/2023\/09\/Lehtipalkki-300x61.jpg 300w, https:\/\/www.ah-analyst.fi\/wp-content\/uploads\/2023\/09\/Lehtipalkki-1024x207.jpg 1024w, https:\/\/www.ah-analyst.fi\/wp-content\/uploads\/2023\/09\/Lehtipalkki-768x155.jpg 768w, https:\/\/www.ah-analyst.fi\/wp-content\/uploads\/2023\/09\/Lehtipalkki-1536x310.jpg 1536w\" sizes=\"(max-width: 1980px) 100vw, 1980px\" \/>\t\t\t\t\t\t\t\t\t\t\t\t\t\t\t<\/div>\n\t\t\t\t<\/div>\n\t\t\t\t<div class=\"elementor-element elementor-element-8580ee9 elementor-widget elementor-widget-spacer\" data-id=\"8580ee9\" data-element_type=\"widget\" data-e-type=\"widget\" data-widget_type=\"spacer.default\">\n\t\t\t\t<div class=\"elementor-widget-container\">\n\t\t\t\t\t\t\t<div class=\"elementor-spacer\">\n\t\t\t<div class=\"elementor-spacer-inner\"><\/div>\n\t\t<\/div>\n\t\t\t\t\t\t<\/div>\n\t\t\t\t<\/div>\n\t\t\t\t<div class=\"elementor-element elementor-element-d14008d ha-has-bg-overlay elementor-widget elementor-widget-text-editor\" data-id=\"d14008d\" data-element_type=\"widget\" data-e-type=\"widget\" data-widget_type=\"text-editor.default\">\n\t\t\t\t<div class=\"elementor-widget-container\">\n\t\t\t\t\t\t\t\t\t<h2>Tervetuloa l\u00e4mminhenkiseen ja asiakaspalvelevaan tilitoimistoomme!<\/h2><div>\u00a0<\/div><h5>Tervetuloa Perheeseen:<\/h5><p>Meid\u00e4n tilitoimistomme on kuin perhe, ja sin\u00e4 olet meille t\u00e4rke\u00e4 j\u00e4sen. L\u00e4hestymme taloutesi hallintaa syd\u00e4mellisesti ja henkil\u00f6kohtaisesti, sill\u00e4 ymm\u00e4rr\u00e4mme, ett\u00e4 jokaisella yritt\u00e4j\u00e4ll\u00e4 on ainutlaatuinen tarina ja unelma. Haluamme auttaa sinua saavuttamaan tavoitteesi.<\/p><h5>\u00a0<\/h5><h5>Asiakaspalvelu Syd\u00e4mess\u00e4mme:<\/h5><p>Asiakaspalvelu on toimintamme ydin. Me emme ole pelk\u00e4st\u00e4\u00e4n tilitoimisto, vaan kumppani, joka seisoo rinnallasi koko matkan ajan. Me kuuntelemme tarpeitasi, vastaamme kysymyksiisi ja tarjoamme asiantuntevaa neuvontaa kaikissa talousasioissa.<\/p><h5>\u00a0<\/h5><h5>L\u00e4mp\u00f6 ja Luottamus:<\/h5><p>L\u00e4mp\u00f6, luottamus ja rehellisyys ovat arvojamme. Haluamme, ett\u00e4 tunnet olosi mukavaksi jakamalla taloudelliset huolesi kanssamme. Voit luottaa siihen, ett\u00e4 hoidamme tilitoimistopalvelusi suurella huolella ja tarkkuudella.<\/p><h5>\u00a0<\/h5><h5>R\u00e4\u00e4t\u00e4l\u00f6idyt Ratkaisut:<\/h5><p>Ymm\u00e4rr\u00e4mme, ett\u00e4 jokainen yritys on erilainen. Tarjoamme r\u00e4\u00e4t\u00e4l\u00f6ityj\u00e4 taloushallintaratkaisuja, jotka sopivat juuri sinun tarpeisiisi. Olipa kyseess\u00e4 kirjanpito, tilinp\u00e4\u00e4t\u00f6kset, veroilmoitukset tai muut toimistoty\u00f6t, olemme t\u00e4\u00e4ll\u00e4 auttaaksemme sinua.<\/p><h5>\u00a0<\/h5><h5>Yhteis\u00f6llisyys:<\/h5><p>Olemme osa paikallista yhteis\u00f6\u00e4 ja haluamme osaltamme edist\u00e4\u00e4 sen hyvinvointia. Yhteis\u00f6mme menestys on meille t\u00e4rke\u00e4\u00e4, ja olemme sitoutuneet auttamaan muita yrityksi\u00e4 kasvamaan ja menestym\u00e4\u00e4n.<\/p><p>Kun valitset meid\u00e4t tilitoimistoksesi, valitset enemm\u00e4n kuin vain palveluntarjoajan. Valitset kumppanin, joka jakaa intohimosi yrityksesi menestyksen suhteen. Olemme t\u00e4\u00e4ll\u00e4 auttaaksemme sinua saavuttamaan taloudellisen vakaudeen ja vapauden, jotta voit keskitty\u00e4 siihen, mik\u00e4 sinulle on todella t\u00e4rke\u00e4\u00e4. Tervetuloa mukaan l\u00e4mminhenkiseen yhteis\u00f6\u00f6mme!<\/p>\t\t\t\t\t\t\t\t<\/div>\n\t\t\t\t<\/div>\n\t\t\t\t<div data-ha-element-link=\"{&quot;url&quot;:&quot;https:\\\/\\\/www.ah-analyst.fi\\\/index.php\\\/ota-yhteytta\\\/&quot;,&quot;is_external&quot;:&quot;&quot;,&quot;nofollow&quot;:&quot;&quot;}\" style=\"cursor: pointer\" class=\"elementor-element elementor-element-c544232 elementor-widget elementor-widget-image\" data-id=\"c544232\" data-element_type=\"widget\" data-e-type=\"widget\" data-widget_type=\"image.default\">\n\t\t\t\t<div class=\"elementor-widget-container\">\n\t\t\t\t\t\t\t\t\t\t\t\t\t\t\t<img decoding=\"async\" width=\"373\" height=\"73\" data-src=\"https:\/\/www.ah-analyst.fi\/wp-content\/uploads\/2023\/10\/ota-yht-nappi.jpg\" class=\"attachment-full size-full wp-image-862 lazyload\" alt=\"\" data-srcset=\"https:\/\/www.ah-analyst.fi\/wp-content\/uploads\/2023\/10\/ota-yht-nappi.jpg 373w, https:\/\/www.ah-analyst.fi\/wp-content\/uploads\/2023\/10\/ota-yht-nappi-300x59.jpg 300w\" data-sizes=\"(max-width: 373px) 100vw, 373px\" src=\"data:image\/svg+xml;base64,PHN2ZyB3aWR0aD0iMSIgaGVpZ2h0PSIxIiB4bWxucz0iaHR0cDovL3d3dy53My5vcmcvMjAwMC9zdmciPjwvc3ZnPg==\" style=\"--smush-placeholder-width: 373px; --smush-placeholder-aspect-ratio: 373\/73;\" \/>\t\t\t\t\t\t\t\t\t\t\t\t\t\t\t<\/div>\n\t\t\t\t<\/div>\n\t\t\t\t<div class=\"elementor-element elementor-element-f061976 elementor-widget elementor-widget-spacer\" data-id=\"f061976\" data-element_type=\"widget\" data-e-type=\"widget\" data-widget_type=\"spacer.default\">\n\t\t\t\t<div class=\"elementor-widget-container\">\n\t\t\t\t\t\t\t<div class=\"elementor-spacer\">\n\t\t\t<div class=\"elementor-spacer-inner\"><\/div>\n\t\t<\/div>\n\t\t\t\t\t\t<\/div>\n\t\t\t\t<\/div>\n\t\t\t\t\t<\/div>\n\t\t<\/div>\n\t\t\t\t\t<\/div>\n\t\t<\/section>\n\t\t\t\t<\/div>\n\t\t","protected":false},"excerpt":{"rendered":"<p>Tervetuloa l\u00e4mminhenkiseen ja asiakaspalvelevaan tilitoimistoomme! \u00a0 Tervetuloa Perheeseen: Meid\u00e4n tilitoimistomme on kuin perhe, ja sin\u00e4 olet meille t\u00e4rke\u00e4 j\u00e4sen. L\u00e4hestymme taloutesi hallintaa syd\u00e4mellisesti ja henkil\u00f6kohtaisesti, sill\u00e4 ymm\u00e4rr\u00e4mme, ett\u00e4 jokaisella yritt\u00e4j\u00e4ll\u00e4 on ainutlaatuinen tarina ja unelma. Haluamme auttaa sinua saavuttamaan tavoitteesi. \u00a0 Asiakaspalvelu Syd\u00e4mess\u00e4mme: Asiakaspalvelu on toimintamme ydin. Me emme ole pelk\u00e4st\u00e4\u00e4n tilitoimisto, vaan kumppani, joka [&hellip;]<\/p>\n","protected":false},"author":1,"featured_media":0,"parent":0,"menu_order":0,"comment_status":"closed","ping_status":"closed","template":"","meta":{"site-sidebar-layout":"no-sidebar","site-content-layout":"","ast-site-content-layout":"full-width-container","site-content-style":"default","site-sidebar-style":"default","ast-global-header-display":"","ast-banner-title-visibility":"","ast-main-header-display":"","ast-hfb-above-header-display":"","ast-hfb-below-header-display":"","ast-hfb-mobile-header-display":"","site-post-title":"disabled","ast-breadcrumbs-content":"","ast-featured-img":"disabled","footer-sml-layout":"","ast-disable-related-posts":"","theme-transparent-header-meta":"","adv-header-id-meta":"","stick-header-meta":"","header-above-stick-meta":"","header-main-stick-meta":"","header-below-stick-meta":"","astra-migrate-meta-layouts":"default","ast-page-background-enabled":"default","ast-page-background-meta":{"desktop":{"background-color":"var(--ast-global-color-4)","background-image":"","background-repeat":"repeat","background-position":"center center","background-size":"auto","background-attachment":"scroll","background-type":"","background-media":"","overlay-type":"","overlay-color":"","overlay-opacity":"","overlay-gradient":""},"tablet":{"background-color":"","background-image":"","background-repeat":"repeat","background-position":"center center","background-size":"auto","background-attachment":"scroll","background-type":"","background-media":"","overlay-type":"","overlay-color":"","overlay-opacity":"","overlay-gradient":""},"mobile":{"background-color":"","background-image":"","background-repeat":"repeat","background-position":"center center","background-size":"auto","background-attachment":"scroll","background-type":"","background-media":"","overlay-type":"","overlay-color":"","overlay-opacity":"","overlay-gradient":""}},"ast-content-background-meta":{"desktop":{"background-color":"var(--ast-global-color-5)","background-image":"","background-repeat":"repeat","background-position":"center center","background-size":"auto","background-attachment":"scroll","background-type":"","background-media":"","overlay-type":"","overlay-color":"","overlay-opacity":"","overlay-gradient":""},"tablet":{"background-color":"var(--ast-global-color-5)","background-image":"","background-repeat":"repeat","background-position":"center center","background-size":"auto","background-attachment":"scroll","background-type":"","background-media":"","overlay-type":"","overlay-color":"","overlay-opacity":"","overlay-gradient":""},"mobile":{"background-color":"var(--ast-global-color-5)","background-image":"","background-repeat":"repeat","background-position":"center center","background-size":"auto","background-attachment":"scroll","background-type":"","background-media":"","overlay-type":"","overlay-color":"","overlay-opacity":"","overlay-gradient":""}},"_themeisle_gutenberg_block_has_review":false,"footnotes":""},"class_list":["post-353","page","type-page","status-publish","hentry"],"_links":{"self":[{"href":"https:\/\/www.ah-analyst.fi\/index.php\/wp-json\/wp\/v2\/pages\/353","targetHints":{"allow":["GET"]}}],"collection":[{"href":"https:\/\/www.ah-analyst.fi\/index.php\/wp-json\/wp\/v2\/pages"}],"about":[{"href":"https:\/\/www.ah-analyst.fi\/index.php\/wp-json\/wp\/v2\/types\/page"}],"author":[{"embeddable":true,"href":"https:\/\/www.ah-analyst.fi\/index.php\/wp-json\/wp\/v2\/users\/1"}],"replies":[{"embeddable":true,"href":"https:\/\/www.ah-analyst.fi\/index.php\/wp-json\/wp\/v2\/comments?post=353"}],"version-history":[{"count":124,"href":"https:\/\/www.ah-analyst.fi\/index.php\/wp-json\/wp\/v2\/pages\/353\/revisions"}],"predecessor-version":[{"id":959,"href":"https:\/\/www.ah-analyst.fi\/index.php\/wp-json\/wp\/v2\/pages\/353\/revisions\/959"}],"wp:attachment":[{"href":"https:\/\/www.ah-analyst.fi\/index.php\/wp-json\/wp\/v2\/media?parent=353"}],"curies":[{"name":"wp","href":"https:\/\/api.w.org\/{rel}","templated":true}]}}